 is divided by 35?
32
Suppose 3*b - 1 = 14. Suppose -h = -5, 4*h - b = k - 11. What is the remainder when k is divided by 8?
2
Suppose 1378*y + 3255 = 1393*y. Calculate the remainder when 1083 is divided by y.
215
Suppose -v + 3*i + 8 = -26, 56 = 4*v + 4*i. Calculate the remainder when 94 is divided by v.
18
Calculate the remainder when 308 is divided by (-1 - 2 - -5)/(24/108).
2
Suppose 3*m + n + n - 110 = 0, 3*n + 22 = m. Suppose 0 = -a + 76 + m. Suppose b - w = 3*w + 9, 10 = 2*w. What is the remainder when a is divided by b?
23
Let i = 18 + -14. Suppose -3*y + y = 3*h - 11, -4*h = -2*y + i. What is the remainder when (1 - 11)*(-6)/12 is divided by h?
0
Let k(x) = 33*x**3 + 13*x**2 - 4*x - 4. What is the remainder when k(2) is divided by 57?
19
Let q be 244/10 + 12/20. Let t = q - 23. Suppose -r - 29 = -2*r - 5*z, -4*r + 44 = t*z. What is the remainder when 19 is divided by r?
1
Let y be 7 - (57 + 8 + -3). What is the remainder when 53 is divided by ((-112)/8)/(-56) - y/4?
11
What is the remainder when (-39)/((-7 - (-432)/63)/1) is divided by 40?
33
Suppose 208*b - 183*b = 1250. Calculate the remainder when 899 is divided by b.
49
Let t be (111 + -107)/(-1 - (-30)/26). Suppose t*v = 22*v + g + 37, 0 = -v + 5*g + 14. What is the remainder when 37 is divided by v?
1
Suppose 0 = 3*d - 12 - 24. Let s be 3*(-1 + 32/d)*-1. Calculate the remainder when (-5)/(s/(-3)) - 84/(-2) is divided by 10.
9
Let n(f) = -f**2 - 27*f - 35. Let m(t) = -t - 10. Let z be m(-7). Let h(c) = -c**3 + c - 2. Calculate the remainder when h(z) is divided by n(-25).
7
Let a = 15581 + -15462. Calculate the remainder when 162 is divided by a.
43
Suppose -10*m + 90 = -0*m. Let n be 0 + (110 - 3) + m + -7. Let g = n + -71. Calculate the remainder when g is divided by 14.
10
Let p = -73151 + 73162. Calculate the remainder when (-373)/(-4) - (-2)/(-8) is divided by p.
5
Suppose 17*y + 50 - 781 = 0. Suppose 65 = 6*z - y. What is the remainder when 49 is divided by z?
13
Let l = -10 - -10. Suppose 0 = -b - l*b. Suppose 3*v + h = -h + 34, b = -2*v - 4*h + 12. Calculate the remainder when 39 is divided by v.
11
Suppose 25 = 3*f + 5*n, 2*f = -0*f + n + 8. Let x(z) = z + 3. What is the remainder when 47 is divided by x(f)?
7
Let t(s) = 73*s + 1130. What is the remainder when t(-13) is divided by 122?
59
Let y be 1/3 + (-1015)/21. Let x = 82 + y. Let f = 43 - x. What is the remainder when 14 is divided by f?
5
Let t = -402 + 411. Suppose 4*c = 5 - 1. Calculate the remainder when t is divided by c.
0
Let v be (-10 + 1)*8/12. Let q(p) = p + 10. Let c = 36 - 19. Calculate the remainder when c is divided by q(v).
1
Suppose -3*a + 278 + 562 = 0. Let g = 283 - a. Calculate the remainder when 3 - (-3 + (-3)/3) is divided by g.
1
Suppose 0 = 4*m - 322 + 106. Suppose n = -5, -5*v + 2*n + 1537 = 482. Calculate the remainder when v is divided by m.
47
Let h(f) be the second derivative of -17*f**3/6 - 13*f**2 - 66*f. Calculate the remainder when h(-9) is divided by 26.
23
Suppose 0 = -3*u + 5*v - 126 + 575, -326 = -2*u - 2*v. What is the remainder when 2212 is divided by u?
0
Let w = 16 - 32. Let r = -11 - w. Suppose 0 = r*j - 67 - 28. What is the remainder when 37 is divided by j?
18
Let w = -85 - -101. What is the remainder when w is divided by (36/5)/2 + 165/(-275)?
1
Let l(m) = 23*m - 55. Let s = 97 - 94. What is the remainder when 78 is divided by l(s)?
8
Let o = 5615 - 5563. Suppose 66 = 4*j - 18. Let t = j + -2. What is the remainder when o is divided by t?
14
Let b = -16 + -6. Let y = b + 19. Let n(q) = -10*q + 13. What is the remainder when 126 is divided by n(y)?
40
Let q = 4028 + -3944. Calculate the remainder when q is divided by (-6)/2 - (-29 - -4).
18
Let a be (-330)/(-77) + (-8)/28. Suppose -3*s = 3, 0 = -2*z - a*s + 233 + 31. Calculate the remainder when z is divided by 6.
2
Let q = -42 - -54. Suppose q*u - 112 = 4*u. Let d = 94 + -55. What is the remainder when d is divided by u?
11
Let r = -288 - -1055. Suppose 0 = 7*w - r - 787. Calculate the remainder when w is divided by 23.
15
Let m = 367 + -336. Calculate the remainder when 62 is divided by m - 14/(0 + -7).
29
Suppose 8*h - 12*h = -2*v - 1570, 0 = v - 5*h + 785. Let b = v + 863. What is the remainder when b is divided by 16?
14
Let i be (-356)/(-12) + (-28)/(-21). Suppose 3*q + 9 = 0, 2*n + i*q - 33 = 32*q. Calculate the remainder when 22 is divided by n.
7
Let k be 4/(-3)*(-3)/(-2). Suppose -6*c - x = -10*c + 8696, 3*c - 6511 = -2*x. Calculate the remainder when -3*k/(-39) + c/13 is divided by 24.
23
Let x be -2*((-15)/(-6) + -4)*-3. What is the remainder when x/21 - 3670/(-70) is divided by 16?
4
Suppose 0 = z + z - 110. Suppose 94*k + 10316 - 39662 = -40*k. What is the remainder when k is divided by z?
54
What is the remainder when 235 is divided by (-4 - -3)/((-55)/275)?
0
Let i(q) = 670 - 758 - 2*q**2 + 11*q**2. Let y(l) = 13*l**2 - 132. Let n(c) = 7*i(c) - 5*y(c). Calculate the remainder when n(0) is divided by 15.
14
Suppose 4*w + 28 = -2*u, -2*w = -5*u - 4 - 6. Let l(i) = -i**3 - 2*i**2 + 2*i - 1. Suppose -32*t = 2672 - 3088. What is the remainder when l(u) is divided by t?
10
Let c(n) = n**3 + 6*n**2 - 7*n - 14. Let k be c(-6). Suppose -54 = -9*z + 90. Let s = k - z. What is the remainder when 58 is divided by s?
10
Let a(g) = g**2 + g - 2. Let r be a(-2). Suppose -4*c = -r*c - 72. Suppose -14 = -3*v + 5*s - 0*s, 2*v + 2*s = 20. What is the remainder when c is divided by v?
2
Suppose 0 = 25*b - 60*b + 23555. Let c = 678 - b. Calculate the remainder when 152 is divided by c.
2
Suppose 17*m = -293 + 5274. Let y = -105 + m. Calculate the remainder when y is divided by 21.
20
Let d(h) = 2*h - 1. Let w = 36 - 30. Calculate the remainder when d(w) is divided by 5/(0 + (0 - 4) + 5).
1
Let o = 36 - 20. Suppose 20*j - 12 = o*j. Suppose -5*a - 75 = -2*u - j*u, 4*a - 28 = -4*u. Calculate the remainder when 17 is divided by u.
6
Let g = -1141 - -1605. Let l = 488 - g. What is the remainder when 42 is divided by l?
18
Let h(a) = -11*a - 326. Let j be h(-30). Suppose -5*b + 3*c = -1300, 2*b + j*c - 520 = 5*c. What is the remainder when b is divided by 128?
4
Let y = -9309 - -9368. Calculate the remainder when 467 is divided by y.
54
Suppose -9647 = 85*u - 53*u - 45871. What is the remainder when u is divided by 23?
5
Suppose 71*y - 63*y = -1520. Let v = y + 202. What is the remainder when 63 is divided by v?
3
Let a(b) = 5*b - 9*b - b - 21 - 6. Suppose 7*w = -4*t + 2*w + 28, 0 = -4*t + 4*w + 64. What is the remainder when a(-24) is divided by t?
9
Suppose -13*d = -14 - 77. Suppose -s + d = -3*j + 28, 5*s = -5*j + 35. Calculate the remainder when 88 is divided by j.
4
Calculate the remainder when 35 is divided by (-51 + 55)*(4 + 2 + 8/(-2)).
3
Let q(n) = n**3 - n + 34. Let s be q(0). Suppose 3*h + 5*j = -25 - 6, -2*h + 11 = -3*j. Let u = s + h. What is the remainder when 95 is divided by u?
31
Let c = 33516 - 33438. Calculate the remainder when c is divided by 14.
8
Let q be (18/(-12))/(3/(-4)). Let d be (0 + (5 - 4))*0/q. What is the remainder when 87 is divided by (d - 0) + 1 + (7 - -7)?
12
Let q = 3665 - 3644. Calculate the remainder when q is divided by (-4)/6*(-99)/6.
10
Suppose 5*y = -2*l + 27, -6 = -2*y - 4*l + 8. Let b be (6/(-4))/(y/(-10)). What is the remainder when 36 is divided by 300/36 + (-1)/b?
4
Suppose -3*g + 2*g - 3*y = -10, -5*y + 4 = g. Suppose j - 44 = 3*j. Let x = -11 - j. Calculate the remainder when g is divided by x.
8
Let w(h) = -1146*h - 1930. What is the remainder when w(-3) is divided by 18?
14
Let n(h) = -66*h + 182. Let d be n(12). Let z = d - -835. What is the remainder when z is divided by 4?
1
Suppose -3*l - 2*m = -0*l + 11, -5*l + 4*m = 55. Let h = 27 + l. Calculate the remainder when 70 is divided by h.
10
Suppose 36045*z = 36020*z + 375. What is the remainder when 9808 is divided by z?
13
Let o(s) = -s**3 - s**2 + 4*s + 1. Suppose -5*l + 16 - 11 = 0. Let h be (5/(-1) + 1)/l. What is the remainder when o(h) is divided by 12?
9
Let u = 15 + -12. Suppose -270 + 699 = 4*m + 5*v, 0 = v + u. Calculate the remainder when m is divided by 14.
13
Suppose r - 314 = -w, 5*r - 1176 + 236 = -3*w. Suppose -3*i + w = -3*t, -10*t = 3*i - 6*t - 315. What is the remainder when i is divided by 44?
17
Suppose 3